 factors of 380557837.
11, 34596167
What are the prime factors of 27177338?
2, 1297, 10477
What are the prime factors of 26053330?
2, 5, 31, 229, 367
List the prime factors of 382324568.
2, 47790571
What are the prime factors of 83476074?
2, 3, 11, 251, 5039
List the prime factors of 261388610.
2, 5, 7, 3734123
What are the prime factors of 345224078?
2, 172612039
What are the prime factors of 304656508?
2, 13, 53, 110543
List the prime factors of 315592737.
3, 105197579
What are the prime factors of 458081383?
6101, 75083
What are the prime factors of 165901046?
2, 19, 383, 11399
List the prime factors of 863495521.
7, 123356503
List the prime factors of 97953410.
2, 5, 2447, 4003
List the prime factors of 127669989.
3, 653, 65171
List the prime factors of 373494541.
7, 31, 79, 21787
List the prime factors of 714749608.
2, 251, 355951
What are the prime factors of 398309463?
3, 719, 61553
List the prime factors of 109676157.
3, 379, 96461
What are the prime factors of 317895421?
31, 10254691
List the prime factors of 652062875.
5, 349, 14947
What are the prime factors of 2110830888?
2, 3, 23, 29, 131861
What are the prime factors of 55818110?
2, 5, 1951, 2861
What are the prime factors of 333090943?
43, 7746301
What are the prime factors of 1371469237?
17, 503, 160387
What are the prime factors of 812209891?
19, 839, 50951
List the prime factors of 324415347.
3, 743, 145543
What are the prime factors of 1017200507?
23, 167, 264827
What are the prime factors of 387185262?
2, 3, 64530877
What are the prime factors of 3302059713?
3, 1100686571
List the prime factors of 711624448.
2, 2779783
List the prime factors of 929580533.
7, 3253, 40823
List the prime factors of 774677.
29, 26713
List the prime factors of 10847804.
2, 11, 101, 2441
List the prime factors of 177709657.
177709657
List the prime factors of 94420505.
5, 18884101
List the prime factors of 99946024.
2, 109, 114617
List the prime factors of 51290953.
7, 7327279
List the prime factors of 27960266.
2, 577, 24229
List the prime factors of 6149393.
17, 59, 6131
What are the prime factors of 88607701?
7, 13, 67, 14533
List the prime factors of 459204293.
19, 503, 48049
What are the prime factors of 46074352?
2, 17, 233, 727
List the prime factors of 98615228.
2, 131, 188197
List the prime factors of 258706024.
2, 23, 1406011
List the prime factors of 689838911.
71, 89, 109169
What are the prime factors of 18897524?
2, 4724381
List the prime factors of 400290606.
2, 3, 7412789
List the prime factors of 159368187.
3, 11, 97, 49787
List the prime factors of 43463787.
3, 163, 88883
What are the prime factors of 4519764419?
83, 54454993
List the prime factors of 122113323.
3, 19, 714113
What are the prime factors of 147753923?
311, 475093
What are the prime factors of 625524120?
2, 3, 5, 13, 14851
List the prime factors of 2148913152.
2, 3, 17, 127
What are the prime factors of 100717391?
23, 4379017
What are the prime factors of 79763274?
2, 3, 4431293
List the prime factors of 2259732631.
13, 31, 431329
What are the prime factors of 1896126608?
2, 118507913
List the prime factors of 681481323.
3, 25240049
List the prime factors of 139838774.
2, 103, 678829
What are the prime factors of 312215275?
5, 12488611
What are the prime factors of 3980783235?
3, 5, 11, 13, 168713
What are the prime factors of 24638927?
881, 27967
What are the prime factors of 1017161471?
8243, 123397
List the prime factors of 80028807.
3, 26676269
What are the prime factors of 2021498499?
3, 31, 43, 505501
What are the prime factors of 1458223395?
3, 5, 8887, 10939
List the prime factors of 164011874.
2, 13, 73, 86413
What are the prime factors of 120894384?
2, 3, 13, 193741
List the prime factors of 364401989.
7, 127, 409901
List the prime factors of 390517.
23, 16979
List the prime factors of 3848111765.
5, 769622353
What are the prime factors of 127188545?
5, 11, 210229
List the prime factors of 819701597.
11, 13, 17, 31, 73, 149
List the prime factors of 18283460.
2, 5, 13, 70321
What are the prime factors of 53111111?
17, 859, 3637
What are the prime factors of 85233338?
2, 1489, 28621
List the prime factors of 1496142339.
3, 137, 3640249
List the prime factors of 50247191.
19, 1009, 2621
What are the prime factors of 417876333?
3, 7, 19898873
What are the prime factors of 2152217536?
2, 7, 73, 65809
List the prime factors of 946759083.
3, 17021, 18541
List the prime factors of 182658053.
182658053
List the prime factors of 7754932.
2, 107, 18119
What are the prime factors of 205968192?
2, 3, 17, 63103
What are the prime factors of 4973858?
2, 19, 83
What are the prime factors of 70120137?
3, 257, 90947
List the prime factors of 1042451842.
2, 521225921
List the prime factors of 690136926.
2, 3, 115022821
What are the prime factors of 1293198712?
2, 13, 41, 303283
What are the prime factors of 217946245?
5, 11, 19, 73, 2857
What are the prime factors of 64739282?
2, 113, 286457
List the prime factors of 73969482.
2, 3, 17, 443, 1637
List the prime factors of 34255939.
397, 86287
List the prime factors of 435950809.
7, 23, 2707769
List the prime factors of 291989082.
2, 3, 7, 11, 67, 9433
What are the prime factors of 2556008621?
31, 883, 93377
List the prime factors of 251607235.
5, 11, 23, 198899
List the prime factors of 43574880.
2, 3, 5, 23, 3947
What are the prime factors of 273338559?
3, 13, 2336227
List the prime factors of 370959045.
3, 5, 24730603
What are the prime factors of 24396728?
2, 3049591
What are the prime factors of 253809310?
2, 5, 89, 285179
What are the prime factors of 563003436?
2, 3, 6637, 7069
List the prime factors of 1300822496.
2, 31, 347, 3779
List the prime factors of 69369922.
2, 43, 241, 3347
List the prime factors of 181194359.
181194359
List the prime factors of 208507342.
2, 4637, 22483
What are the prime factors of 425299143?
3, 109, 1300609
List the prime factors of 5588922746.
2, 11, 29, 239, 36653
List the prime factors of 3572990818.
2, 1786495409
List the prime factors of 32459595.
3, 5, 7, 97, 3187
What are the prime factors of 45328480?
2, 5, 283303
What are the prime factors of 88061570?
2, 5, 373, 23609
List the prime factors of 21519033.
3, 1613, 4447
What are the prime factors of 3236337?
3, 13, 139, 199
List the prime factors of 76950156.
2, 3, 149, 43037
What are the prime factors of 56019740?
2, 5, 7, 57163
What are the prime factors of 28786699?
4357, 6607
What are the prime factors of 387185187?
3, 233, 683, 811
What are the prime factors of 138818667?
3, 13, 3559453
What are the prime factors of 133533335?
5, 13, 229, 8971
What are the prime factors of 4311747960?
2, 3, 5, 13, 359, 7699
What are the prime factors of 419271592?
2, 52408949
What are the prime factors of 3891580912?
2, 19, 233, 54941
What are the prime factors of 585614230?
2, 5, 5381, 10883
List the prime factors of 219906362.
2, 13, 29, 89, 113
What are the prime factors of 319006341?
3, 37, 957977
What are the prime factors of 1999624418?
2, 11, 90892019
List the prime factors of 6132507447.
3, 11, 727, 255617
List the prime factors of 124626957.
3, 7, 13, 307, 1487
What are the prime factors of 1446616392?
2, 3, 13, 4636591
What are the prime factors of 603678?
2, 3, 100613
What are the prime factors of 10981710?
2, 3, 5, 89, 457
What are the prime factors of 1638511087?
43, 38104909
List the prime factors of 214878186.
2, 3, 2699, 4423
What are the prime factors of 445757112?
2, 3, 23, 269177
What are the prime factors of 12624286?
2, 23, 274441
List the prime factors of 3533555412.
2, 3, 23, 4267579
List the prime factors of 496464713.
43, 47, 245653
What are the prime factors of 36454363?
11, 29, 114277
List the prime factors of 66188071.
5023, 13177
List the prime factors of 202512030.
2, 3, 5, 7, 137, 7039
List the prime factors of 2186030103.
3, 53, 13748617
List the prime factors of 200139572.
2, 17, 2943229
What are the prime factors of 53010113?
13, 4077701
What are the prime factors of 1516301249?
2797, 542117
List the prime factors of 187300192.
2, 5853131
What are the prime factors of 51692497?
283, 182659
List the prime factors of 431915848.
2, 7, 13, 593291
What are the prime factors of 83661245?
5, 113, 148073
What are the prime factors of 62925963?
3, 1373, 15277
What